{"id":2,"date":"2022-02-10T14:38:14","date_gmt":"2022-02-10T14:38:14","guid":{"rendered":"https:\/\/www.transitopopayan.com.co\/contenidos\/?page_id=2"},"modified":"2024-08-14T14:37:41","modified_gmt":"2024-08-14T19:37:41","slug":"tramites-y-servicios","status":"publish","type":"page","link":"https:\/\/www.transitopopayan.com.co\/contenidos\/tramites-y-servicios\/","title":{"rendered":"Tr\u00e1mites y servicios"},"content":{"rendered":"<p>[vc_row css=&#8221;.vc_custom_1645543583833{margin-top: 0px !important;}&#8221;][vc_column][vc_column_text]<\/p>\n<h1 style=\"text-align: center;\">Tr\u00e1mites y servicios<\/h1>\n<p style=\"font-size: 16px; text-align: center;\">Consulta aqu\u00ed los requisitos y documentos necesarios para agilizar tus tr\u00e1mites de movilidad<\/p>\n<p>[\/vc_column_text][vc_column_text css=&#8221;.vc_custom_1645544073341{border-top-width: 1px !important;border-right-width: 1px !important;border-bottom-width: 1px !important;border-left-width: 1px !important;padding-top: 10px !important;padding-right: 10px !important;padding-bottom: 10px !important;padding-left: 10px !important;background-color: #fafafa !important;border-left-color: #fafafa !important;border-left-style: solid !important;border-right-color: #fafafa !important;border-right-style: solid !important;border-top-color: #fafafa !important;border-top-style: solid !important;border-bottom-color: #fafafa !important;border-bottom-style: solid !important;border-radius: 35px !important;}&#8221;]<form role=\"search\" class=\"uk-search uk-search-large uk-search-default\" method=\"post\" id=\"kbsearchform\" action=\"https:\/\/www.transitopopayan.com.co\/contenidos\/\"><button type=\"submit\" id=\"searchsubmit\" data-uk-search-icon><\/button><input type=\"text\" value=\"\" name=\"s\" placeholder=\"\u00bfQu\u00e9 est\u00e1s buscando?\" id=\"kb-s\" class=\"uk-search-input autosuggest\"\/><input type=\"hidden\" name=\"post_type\" value=\"knowledgebase\"\/><input type=\"hidden\" id=\"search_nonce\" name=\"search_nonce\" value=\"c429bce142\" \/><\/form>[\/vc_column_text]<div class=\"ult-content-box-container \" >\t\t<div class=\"ult-content-box\" style=\"background-color:#f3f5fb;box-shadow: 1px 5px 15px 6px none;border-style:none;border-width:1px;border-radius:5px;border-color:rgba(0,0,0,0.03);padding-top:35px;padding-right:25px;padding-bottom:1px;padding-left:25px;margin-top:10px;margin-right:5px;margin-bottom:0px;margin-left:5px;-webkit-transition: all 700ms ease;-moz-transition: all 700ms ease;-ms-transition: all 700ms ease;-o-transition: all 700ms ease;transition: all 700ms ease;\"  data-hover_box_shadow=\"none\"    data-normal_margins=\"margin-top:10px;margin-right:5px;margin-bottom:0px;margin-left:5px;\"   data-bg=\"#f3f5fb\"  data-border_color=\"rgba(0,0,0,0.03)\" >[vc_column_text css=&#8221;.vc_custom_1697206895397{margin-bottom: 15px !important;}&#8221;]<\/p>\n<h2 style=\"text-align: left;\">Enlaces de inter\u00e9s<\/h2>\n<p>[\/vc_column_text][vc_row_inner equal_height=&#8221;yes&#8221; content_placement=&#8221;middle&#8221; gap=&#8221;1&#8243;][vc_column_inner width=&#8221;1\/3&#8243;][vc_custom_heading text=&#8221;Matr\u00edcula inicial&#8221; font_container=&#8221;tag:h5|text_align:left&#8221; use_theme_fonts=&#8221;yes&#8221; link=&#8221;url:https%3A%2F%2Fwww.transitopopayan.com.co%2Fcontenidos%2Ftramites%2Fmatricula-inicial%2F|title:Matricula%20inicial&#8221;][vc_custom_heading text=&#8221;Certificado de tradici\u00f3n&#8221; font_container=&#8221;tag:h5|text_align:left&#8221; use_theme_fonts=&#8221;yes&#8221; link=&#8221;url:https%3A%2F%2Fwww.transitopopayan.com.co%2Fcontenidos%2Ftramites%2Fcertificado-de-tradicion%2F|title:Certificado%20de%20tradici%C3%B3n&#8221;][\/vc_column_inner][vc_column_inner width=&#8221;1\/3&#8243;][vc_custom_heading text=&#8221;Traspaso con levantamiento de prenda&#8221; font_container=&#8221;tag:h5|text_align:left&#8221; use_theme_fonts=&#8221;yes&#8221; link=&#8221;url:https%3A%2F%2Fwww.transitopopayan.com.co%2Fcontenidos%2Ftramites%2Ftraspaso-con-levantamiento-de-prenda%2F|title:Traspaso%20con%20levantamiento%20de%20prenda&#8221;][vc_custom_heading text=&#8221;Radicaci\u00f3n de matr\u00edcula de un veh\u00edculo automotor&#8221; font_container=&#8221;tag:h5|text_align:left&#8221; use_theme_fonts=&#8221;yes&#8221; link=&#8221;url:https%3A%2F%2Fwww.transitopopayan.com.co%2Fcontenidos%2Ftramites%2Fradicacion-de-matricula-de-un-vehiculo-automotor%2F|title:Radicaci%C3%B3n%20de%20matr%C3%ADcula%20de%20un%20veh%C3%ADculo%20automotor&#8221;][\/vc_column_inner][vc_column_inner width=&#8221;1\/3&#8243;][vc_custom_heading text=&#8221;Traspaso de propiedad de un veh\u00edculo automotor&#8221; font_container=&#8221;tag:h5|text_align:left&#8221; use_theme_fonts=&#8221;yes&#8221; link=&#8221;url:https%3A%2F%2Fwww.transitopopayan.com.co%2Fcontenidos%2Ftramites%2Ftraspaso-de-propiedad-de-un-vehiculo-automotor%2F|title:Traspaso%20de%20propiedad%20de%20un%20veh%C3%ADculo%20automotor&#8221;][vc_custom_heading text=&#8221;Traspaso con inscripci\u00f3n de prenda&#8221; font_container=&#8221;tag:h5|text_align:left&#8221; use_theme_fonts=&#8221;yes&#8221; link=&#8221;url:https%3A%2F%2Fwww.transitopopayan.com.co%2Fcontenidos%2Ftramites%2Ftraspaso-con-inscripcion-de-prenda%2F|title:Traspaso%20con%20inscripci%C3%B3n%20de%20prenda&#8221;][\/vc_column_inner][\/vc_row_inner]\t\t<\/div><\/div>[\/vc_column][\/vc_row][vc_row disable_element=&#8221;yes&#8221; css=&#8221;.vc_custom_1697142556350{margin-top: 0px !important;}&#8221;][vc_column][vc_column_text]<\/p>\n<h1 style=\"text-align: center;\">Tr\u00e1mites y servicios<\/h1>\n<p style=\"font-size: 16px; text-align: center;\">Consulta aqu\u00ed los requisitos y documentos necesarios para agilizar tus tr\u00e1mites de movilidad<\/p>\n<p>[\/vc_column_text][vc_column_text css=&#8221;.vc_custom_1645544073341{border-top-width: 1px !important;border-right-width: 1px !important;border-bottom-width: 1px !important;border-left-width: 1px !important;padding-top: 10px !important;padding-right: 10px !important;padding-bottom: 10px !important;padding-left: 10px !important;background-color: #fafafa !important;border-left-color: #fafafa !important;border-left-style: solid !important;border-right-color: #fafafa !important;border-right-style: solid !important;border-top-color: #fafafa !important;border-top-style: solid !important;border-bottom-color: #fafafa !important;border-bottom-style: solid !important;border-radius: 35px !important;}&#8221;]<form role=\"search\" class=\"uk-search uk-search-large uk-search-default\" method=\"post\" id=\"kbsearchform\" action=\"https:\/\/www.transitopopayan.com.co\/contenidos\/\"><button type=\"submit\" id=\"searchsubmit\" data-uk-search-icon><\/button><input type=\"text\" value=\"\" name=\"s\" placeholder=\"\u00bfQu\u00e9 est\u00e1s buscando?\" id=\"kb-s\" class=\"uk-search-input autosuggest\"\/><input type=\"hidden\" name=\"post_type\" value=\"knowledgebase\"\/><input type=\"hidden\" id=\"search_nonce\" name=\"search_nonce\" value=\"c429bce142\" \/><\/form>[\/vc_column_text]<div class=\"ult-content-box-container \" >\t\t<div class=\"ult-content-box\" style=\"background-color:#ffffff;box-shadow: 1px 5px 15px 6px rgba(216,216,216,0.36) ;border-style:solid;border-width:1px;border-radius:5px;border-color:rgba(0,0,0,0.03);padding-top:25px;padding-right:25px;padding-bottom:5px;padding-left:25px;margin-top:10px;margin-right:5px;margin-bottom:0px;margin-left:5px;-webkit-transition: all 700ms ease;-moz-transition: all 700ms ease;-ms-transition: all 700ms ease;-o-transition: all 700ms ease;transition: all 700ms ease;\"  data-hover_box_shadow=\" -2px 5px 15px 6px rgba(216,216,216,0.36) \"  data-hover_border_color=\"rgba(32,96,155,0.41)\"    data-normal_margins=\"margin-top:10px;margin-right:5px;margin-bottom:0px;margin-left:5px;\"   data-bg=\"#ffffff\"  data-border_color=\"rgba(0,0,0,0.03)\" >[vc_column_text]<\/p>\n<h2 style=\"text-align: left;\">Los tr\u00e1mites m\u00e1s buscados<\/h2>\n<p>[\/vc_column_text][vc_row_inner equal_height=&#8221;yes&#8221; content_placement=&#8221;middle&#8221; gap=&#8221;1&#8243;][vc_column_inner width=&#8221;1\/3&#8243;][vc_custom_heading text=&#8221;Matr\u00edcula inicial&#8221; font_container=&#8221;tag:h5|text_align:left&#8221; use_theme_fonts=&#8221;yes&#8221; link=&#8221;url:https%3A%2F%2Fwww.transitopopayan.com.co%2Fcontenidos%2Ftramites%2Fcertificado-de-libertad-y-tradicion%2F|title:Matricula%20inicial&#8221;][vc_custom_heading text=&#8221;Certificado de tradici\u00f3n&#8221; font_container=&#8221;tag:h5|text_align:left&#8221; use_theme_fonts=&#8221;yes&#8221; link=&#8221;url:https%3A%2F%2Fwww.transitopopayan.com.co%2Fcontenidos%2Ftramites%2Fcertificado-de-tradicion%2F|title:Certificado%20de%20tradici%C3%B3n&#8221;][\/vc_column_inner][vc_column_inner width=&#8221;1\/3&#8243;][vc_custom_heading text=&#8221;Traspaso con levantamiento de prenda&#8221; font_container=&#8221;tag:h5|text_align:left&#8221; use_theme_fonts=&#8221;yes&#8221; link=&#8221;url:https%3A%2F%2Fwww.transitopopayan.com.co%2Fcontenidos%2Ftramites%2Ftraspaso-con-levantamiento-de-prenda%2F|title:Coming%20Soon&#8221;][vc_custom_heading text=&#8221;Radicaci\u00f3n de matr\u00edcula de un veh\u00edculo automotor&#8221; font_container=&#8221;tag:h5|text_align:left&#8221; use_theme_fonts=&#8221;yes&#8221; link=&#8221;url:https%3A%2F%2Fwww.transitopopayan.com.co%2Fcontenidos%2Ftramites%2Fradicacion-de-matricula-de-un-vehiculo-automotor%2F|title:Radicaci%C3%B3n%20de%20matr%C3%ADcula%20de%20un%20veh%C3%ADculo%20automotor&#8221;][\/vc_column_inner][vc_column_inner width=&#8221;1\/3&#8243;][vc_custom_heading text=&#8221;Traspaso de propiedad de un veh\u00edculo automotor&#8221; font_container=&#8221;tag:h5|text_align:left&#8221; use_theme_fonts=&#8221;yes&#8221; link=&#8221;url:https%3A%2F%2Fwww.transitopopayan.com.co%2Fcontenidos%2Ftramites%2Ftraspaso-de-propiedad-de-remolques-y-semirremolques%2F|title:Traspaso%20de%20propiedad%20de%20remolques%20y%20semirremolques&#8221;][vc_custom_heading text=&#8221;Traspaso con inscripci\u00f3n de prenda&#8221; font_container=&#8221;tag:h5|text_align:left&#8221; use_theme_fonts=&#8221;yes&#8221; link=&#8221;url:https%3A%2F%2Fwww.transitopopayan.com.co%2Fcontenidos%2Ftramites%2Ftraspaso-con-inscripcion-de-prenda%2F|title:Traspaso%20con%20inscripci%C3%B3n%20de%20prenda&#8221;][\/vc_column_inner][\/vc_row_inner]\t\t<\/div><\/div>[\/vc_column][\/vc_row][vc_row][vc_column][vc_empty_space][vc_column_text]<\/p>\n<div class=\"pakb-section pakb-link pakb-lists\">\n\t<div class=\"uk-child-width-1-2@m\" data-uk-grid>\n\t\t<div><h2 class=\"pakb-accent-color\"><a href=\"https:\/\/www.transitopopayan.com.co\/contenidos\/kb\/personas\/\">Tr\u00e1mites de personas (7)<\/a><\/h2><ul class=\"uk-list uk-list-large\"><li><a class=\"pakb-secondary-color\" href=\"https:\/\/www.transitopopayan.com.co\/contenidos\/tramites\/revocatoria-de-traspaso-de-vehiculo-a-persona-indeterminada\/\">Revocatoria de traspaso a persona indeterminada<\/a><\/li><li><a class=\"pakb-secondary-color\" href=\"https:\/\/www.transitopopayan.com.co\/contenidos\/tramites\/traspaso-de-propiedad-de-remolques-y-semirremolques\/\">Traspaso de propiedad de remolques y semirremolques<\/a><\/li><li><a class=\"pakb-secondary-color\" href=\"https:\/\/www.transitopopayan.com.co\/contenidos\/tramites\/traspaso-de-vehiculo-a-persona-indeterminada\/\">Traspaso de veh\u00edculo a persona indeterminada<\/a><\/li><li><a class=\"pakb-secondary-color\" href=\"https:\/\/www.transitopopayan.com.co\/contenidos\/tramites\/refrendacion-de-licencia-de-conduccion\/\">Refrendaci\u00f3n de licencia de conducci\u00f3n<\/a><\/li><li><a class=\"pakb-secondary-color\" href=\"https:\/\/www.transitopopayan.com.co\/contenidos\/tramites\/expedicion-de-licencia-de-conduccion\/\">Expedici\u00f3n de licencia de conducci\u00f3n<\/a><\/li><\/ul><div><a class=\"pakb-muted-color uk-margin-small-top uk-margin-remove-bottom\" href=\"https:\/\/www.transitopopayan.com.co\/contenidos\/kb\/personas\/\">Ver todo<\/a><\/div><\/div><div><h2 class=\"pakb-accent-color\"><a href=\"https:\/\/www.transitopopayan.com.co\/contenidos\/kb\/vehiculos\/\">Tr\u00e1mites de veh\u00edculos (26)<\/a><\/h2><ul class=\"uk-list uk-list-large\"><li><a class=\"pakb-secondary-color\" href=\"https:\/\/www.transitopopayan.com.co\/contenidos\/tramites\/matricula-inicial-con-inscripcion-de-prenda\/\">Matr\u00edcula inicial con inscripci\u00f3n de prenda<\/a><\/li><li><a class=\"pakb-secondary-color\" href=\"https:\/\/www.transitopopayan.com.co\/contenidos\/tramites\/traspaso-aseguradora-cancelacion-hurto\/\">Traspaso aseguradora + Cancelaci\u00f3n hurto<\/a><\/li><li><a class=\"pakb-secondary-color\" href=\"https:\/\/www.transitopopayan.com.co\/contenidos\/tramites\/inscripcion-o-levantamiento-de-limitaciones\/\">Inscripci\u00f3n o levantamiento de limitaciones<\/a><\/li><li><a class=\"pakb-secondary-color\" href=\"https:\/\/www.transitopopayan.com.co\/contenidos\/tramites\/modificacion-de-limitacion-o-gravamen-a-la-propiedad-de-un-vehiculo-automotor-o-modificacion-al-acreedor-prendario\/\">Modificaci\u00f3n de limitaci\u00f3n o gravamen a la propiedad de un veh\u00edculo automotor o modificaci\u00f3n al acreedor prendario<\/a><\/li><li><a class=\"pakb-secondary-color\" href=\"https:\/\/www.transitopopayan.com.co\/contenidos\/tramites\/levantamiento-de-limitacion-o-gravamen-a-la-propiedad-de-un-vehiculo-automotor-o-modificacion-del-acreedor-prendario\/\">Levantamiento de limitaci\u00f3n o gravamen a la propiedad de un veh\u00edculo automotor o modificaci\u00f3n del acreedor prendario<\/a><\/li><\/ul><div><a class=\"pakb-muted-color uk-margin-small-top uk-margin-remove-bottom\" href=\"https:\/\/www.transitopopayan.com.co\/contenidos\/kb\/vehiculos\/\">Ver todo<\/a><\/div><\/div>\t<\/div><\/div>\n  \n<p>&nbsp;<\/p>\n<p>[\/vc_column_text][\/vc_column][\/vc_row]<\/p>\n","protected":false},"excerpt":{"rendered":"<p>[vc_row css=&#8221;.vc_custom_1645543583833{margin-top: 0px !important;}&#8221;][vc_column][vc_column_text] Tr\u00e1mites y servicios Consulta aqu\u00ed los requisitos y documentos necesarios para agilizar tus tr\u00e1mites de movilidad [\/vc_column_text][vc_column_text css=&#8221;.vc_custom_1645544073341{border-top-width: 1px !important;border-right-width: 1px !important;border-bottom-width: 1px !important;border-left-width: 1px !important;padding-top: 10px !important;padding-right: 10px !important;padding-bottom: 10px !important;padding-left: 10px !important;background-color: #fafafa !important;border-left-color: #fafafa !important;border-left-style: solid !important;border-right-color: #fafafa !important;border-right-style: solid !important;border-top-color: #fafafa !important;border-top-style: solid !important;border-bottom-color: #fafafa !important;border-bottom-style: solid [&hellip;]<\/p>\n","protected":false},"author":1,"featured_media":0,"parent":0,"menu_order":0,"comment_status":"closed","ping_status":"open","template":"","meta":{"footnotes":""},"_links":{"self":[{"href":"https:\/\/www.transitopopayan.com.co\/contenidos\/wp-json\/wp\/v2\/pages\/2"}],"collection":[{"href":"https:\/\/www.transitopopayan.com.co\/contenidos\/wp-json\/wp\/v2\/pages"}],"about":[{"href":"https:\/\/www.transitopopayan.com.co\/contenidos\/wp-json\/wp\/v2\/types\/page"}],"author":[{"embeddable":true,"href":"https:\/\/www.transitopopayan.com.co\/contenidos\/wp-json\/wp\/v2\/users\/1"}],"replies":[{"embeddable":true,"href":"https:\/\/www.transitopopayan.com.co\/contenidos\/wp-json\/wp\/v2\/comments?post=2"}],"version-history":[{"count":86,"href":"https:\/\/www.transitopopayan.com.co\/contenidos\/wp-json\/wp\/v2\/pages\/2\/revisions"}],"predecessor-version":[{"id":2574,"href":"https:\/\/www.transitopopayan.com.co\/contenidos\/wp-json\/wp\/v2\/pages\/2\/revisions\/2574"}],"wp:attachment":[{"href":"https:\/\/www.transitopopayan.com.co\/contenidos\/wp-json\/wp\/v2\/media?parent=2"}],"curies":[{"name":"wp","href":"https:\/\/api.w.org\/{rel}","templated":true}]}}